{"id":367,"date":"2022-03-22T18:28:17","date_gmt":"2022-03-22T17:28:17","guid":{"rendered":"https:\/\/www.aterno.be\/?post_type=radiators&#038;p=367"},"modified":"2026-01-15T10:33:39","modified_gmt":"2026-01-15T09:33:39","slug":"radiateur-electrique-plinthe","status":"publish","type":"radiators","link":"https:\/\/www.aterno.be\/fr\/radiateurs\/radiateur-electrique-plinthe\/","title":{"rendered":"Le radiateur \u00e9lectrique plinthe"},"excerpt":{"rendered":"<p>Le radiateur \u00e9lectrique plinthe s&#8217;adapte \u00e0 toutes les pi\u00e8ces qui disposent d&#8217;un faible volume sous plafond ou d&#8217;un espace r\u00e9duit en hauteur.<\/p>\n","protected":false},"featured_media":3221,"template":"","meta":{"_acf_changed":false},"class_list":["post-367","radiators","type-radiators","status-publish","has-post-thumbnail","hentry"],"acf":[],"yoast_head":"<!-- This site is optimized with the Yoast SEO plugin v26.9 - https:\/\/yoast.com\/product\/yoast-seo-wordpress\/ -->\n<title>Le radiateur \u00e9lectrique plinthe | Aterno<\/title>\n<meta name=\"description\" content=\"Qu\u2019est-ce qui caract\u00e9rise le radiateur \u00e9lectrique plinthe Aterno et pour quels types d\u2019usages convient-il ? D\u00e9couvrez les sp\u00e9cificit\u00e9s de ce mod\u00e8le.\" \/>\n<meta name=\"robots\" content=\"index, follow, max-snippet:-1, max-image-preview:large, max-video-preview:-1\" \/>\n<link rel=\"canonical\" href=\"https:\/\/www.aterno.be\/fr\/radiateurs\/radiateur-electrique-plinthe\/\" \/>\n<meta property=\"og:type\" content=\"article\" \/>\n<meta property=\"og:title\" content=\"Le radiateur \u00e9lectrique plinthe | Aterno\" \/>\n<meta property=\"og:description\" content=\"Qu\u2019est-ce qui caract\u00e9rise le radiateur \u00e9lectrique plinthe Aterno et pour quels types d\u2019usages convient-il ? D\u00e9couvrez les sp\u00e9cificit\u00e9s de ce mod\u00e8le.\" \/>\n<meta property=\"og:url\" content=\"https:\/\/www.aterno.be\/fr\/radiateurs\/radiateur-electrique-plinthe\/\" \/>\n<meta property=\"og:site_name\" content=\"Aterno\" \/>\n<meta property=\"article:publisher\" content=\"https:\/\/www.facebook.com\/aterno.belgium\/\" \/>\n<meta property=\"article:modified_time\" content=\"2026-01-15T09:33:39+00:00\" \/>\n<meta property=\"og:image\" content=\"https:\/\/www.aterno.be\/app\/uploads\/2022\/03\/radiateur-electrique-plinthe-dans-une-chambre.jpg\" \/>\n\t<meta property=\"og:image:width\" content=\"720\" \/>\n\t<meta property=\"og:image:height\" content=\"580\" \/>\n\t<meta property=\"og:image:type\" content=\"image\/jpeg\" \/>\n<meta name=\"twitter:card\" content=\"summary_large_image\" \/>\n<script type=\"application\/ld+json\" class=\"yoast-schema-graph\">{\"@context\":\"https:\/\/schema.org\",\"@graph\":[{\"@type\":\"WebPage\",\"@id\":\"https:\/\/www.aterno.be\/fr\/radiateurs\/radiateur-electrique-plinthe\/\",\"url\":\"https:\/\/www.aterno.be\/fr\/radiateurs\/radiateur-electrique-plinthe\/\",\"name\":\"Le radiateur \u00e9lectrique plinthe | Aterno\",\"isPartOf\":{\"@id\":\"https:\/\/www.aterno.be\/nl\/#website\"},\"primaryImageOfPage\":{\"@id\":\"https:\/\/www.aterno.be\/fr\/radiateurs\/radiateur-electrique-plinthe\/#primaryimage\"},\"image\":{\"@id\":\"https:\/\/www.aterno.be\/fr\/radiateurs\/radiateur-electrique-plinthe\/#primaryimage\"},\"thumbnailUrl\":\"https:\/\/www.aterno.be\/app\/uploads\/2022\/03\/radiateur-electrique-plinthe-dans-une-chambre.jpg\",\"datePublished\":\"2022-03-22T17:28:17+00:00\",\"dateModified\":\"2026-01-15T09:33:39+00:00\",\"description\":\"Qu\u2019est-ce qui caract\u00e9rise le radiateur \u00e9lectrique plinthe Aterno et pour quels types d\u2019usages convient-il ? D\u00e9couvrez les sp\u00e9cificit\u00e9s de ce mod\u00e8le.\",\"breadcrumb\":{\"@id\":\"https:\/\/www.aterno.be\/fr\/radiateurs\/radiateur-electrique-plinthe\/#breadcrumb\"},\"inLanguage\":\"fr-BE\",\"potentialAction\":[{\"@type\":\"ReadAction\",\"target\":[\"https:\/\/www.aterno.be\/fr\/radiateurs\/radiateur-electrique-plinthe\/\"]}]},{\"@type\":\"ImageObject\",\"inLanguage\":\"fr-BE\",\"@id\":\"https:\/\/www.aterno.be\/fr\/radiateurs\/radiateur-electrique-plinthe\/#primaryimage\",\"url\":\"https:\/\/www.aterno.be\/app\/uploads\/2022\/03\/radiateur-electrique-plinthe-dans-une-chambre.jpg\",\"contentUrl\":\"https:\/\/www.aterno.be\/app\/uploads\/2022\/03\/radiateur-electrique-plinthe-dans-une-chambre.jpg\",\"width\":720,\"height\":580,\"caption\":\"radiateur electrique plinthe dans une chambre\"},{\"@type\":\"BreadcrumbList\",\"@id\":\"https:\/\/www.aterno.be\/fr\/radiateurs\/radiateur-electrique-plinthe\/#breadcrumb\",\"itemListElement\":[{\"@type\":\"ListItem\",\"position\":1,\"name\":\"Home\",\"item\":\"https:\/\/www.aterno.be\/fr\/\"},{\"@type\":\"ListItem\",\"position\":2,\"name\":\"Le radiateur \u00e9lectrique plinthe\"}]},{\"@type\":\"WebSite\",\"@id\":\"https:\/\/www.aterno.be\/nl\/#website\",\"url\":\"https:\/\/www.aterno.be\/nl\/\",\"name\":\"Aterno Belgium\",\"description\":\"\",\"publisher\":{\"@id\":\"https:\/\/www.aterno.be\/nl\/#organization\"},\"alternateName\":\"Aterno\",\"potentialAction\":[{\"@type\":\"SearchAction\",\"target\":{\"@type\":\"EntryPoint\",\"urlTemplate\":\"https:\/\/www.aterno.be\/nl\/?s={search_term_string}\"},\"query-input\":{\"@type\":\"PropertyValueSpecification\",\"valueRequired\":true,\"valueName\":\"search_term_string\"}}],\"inLanguage\":\"fr-BE\"},{\"@type\":\"Organization\",\"@id\":\"https:\/\/www.aterno.be\/nl\/#organization\",\"name\":\"Aterno Belgium\",\"alternateName\":\"Aterno\",\"url\":\"https:\/\/www.aterno.be\/nl\/\",\"logo\":{\"@type\":\"ImageObject\",\"inLanguage\":\"fr-BE\",\"@id\":\"https:\/\/www.aterno.be\/nl\/#\/schema\/logo\/image\/\",\"url\":\"https:\/\/www.aterno.be\/app\/uploads\/2022\/06\/logo-aterno-2.png\",\"contentUrl\":\"https:\/\/www.aterno.be\/app\/uploads\/2022\/06\/logo-aterno-2.png\",\"width\":246,\"height\":246,\"caption\":\"Aterno Belgium\"},\"image\":{\"@id\":\"https:\/\/www.aterno.be\/nl\/#\/schema\/logo\/image\/\"},\"sameAs\":[\"https:\/\/www.facebook.com\/aterno.belgium\/\",\"https:\/\/www.linkedin.com\/company\/aterno\/\"]}]}<\/script>\n<!-- \/ Yoast SEO plugin. -->","yoast_head_json":{"title":"Le radiateur \u00e9lectrique plinthe | Aterno","description":"Qu\u2019est-ce qui caract\u00e9rise le radiateur \u00e9lectrique plinthe Aterno et pour quels types d\u2019usages convient-il ? D\u00e9couvrez les sp\u00e9cificit\u00e9s de ce mod\u00e8le.","robots":{"index":"index","follow":"follow","max-snippet":"max-snippet:-1","max-image-preview":"max-image-preview:large","max-video-preview":"max-video-preview:-1"},"canonical":"https:\/\/www.aterno.be\/fr\/radiateurs\/radiateur-electrique-plinthe\/","og_type":"article","og_title":"Le radiateur \u00e9lectrique plinthe | Aterno","og_description":"Qu\u2019est-ce qui caract\u00e9rise le radiateur \u00e9lectrique plinthe Aterno et pour quels types d\u2019usages convient-il ? D\u00e9couvrez les sp\u00e9cificit\u00e9s de ce mod\u00e8le.","og_url":"https:\/\/www.aterno.be\/fr\/radiateurs\/radiateur-electrique-plinthe\/","og_site_name":"Aterno","article_publisher":"https:\/\/www.facebook.com\/aterno.belgium\/","article_modified_time":"2026-01-15T09:33:39+00:00","og_image":[{"width":720,"height":580,"url":"https:\/\/www.aterno.be\/app\/uploads\/2022\/03\/radiateur-electrique-plinthe-dans-une-chambre.jpg","type":"image\/jpeg"}],"twitter_card":"summary_large_image","schema":{"@context":"https:\/\/schema.org","@graph":[{"@type":"WebPage","@id":"https:\/\/www.aterno.be\/fr\/radiateurs\/radiateur-electrique-plinthe\/","url":"https:\/\/www.aterno.be\/fr\/radiateurs\/radiateur-electrique-plinthe\/","name":"Le radiateur \u00e9lectrique plinthe | Aterno","isPartOf":{"@id":"https:\/\/www.aterno.be\/nl\/#website"},"primaryImageOfPage":{"@id":"https:\/\/www.aterno.be\/fr\/radiateurs\/radiateur-electrique-plinthe\/#primaryimage"},"image":{"@id":"https:\/\/www.aterno.be\/fr\/radiateurs\/radiateur-electrique-plinthe\/#primaryimage"},"thumbnailUrl":"https:\/\/www.aterno.be\/app\/uploads\/2022\/03\/radiateur-electrique-plinthe-dans-une-chambre.jpg","datePublished":"2022-03-22T17:28:17+00:00","dateModified":"2026-01-15T09:33:39+00:00","description":"Qu\u2019est-ce qui caract\u00e9rise le radiateur \u00e9lectrique plinthe Aterno et pour quels types d\u2019usages convient-il ? D\u00e9couvrez les sp\u00e9cificit\u00e9s de ce mod\u00e8le.","breadcrumb":{"@id":"https:\/\/www.aterno.be\/fr\/radiateurs\/radiateur-electrique-plinthe\/#breadcrumb"},"inLanguage":"fr-BE","potentialAction":[{"@type":"ReadAction","target":["https:\/\/www.aterno.be\/fr\/radiateurs\/radiateur-electrique-plinthe\/"]}]},{"@type":"ImageObject","inLanguage":"fr-BE","@id":"https:\/\/www.aterno.be\/fr\/radiateurs\/radiateur-electrique-plinthe\/#primaryimage","url":"https:\/\/www.aterno.be\/app\/uploads\/2022\/03\/radiateur-electrique-plinthe-dans-une-chambre.jpg","contentUrl":"https:\/\/www.aterno.be\/app\/uploads\/2022\/03\/radiateur-electrique-plinthe-dans-une-chambre.jpg","width":720,"height":580,"caption":"radiateur electrique plinthe dans une chambre"},{"@type":"BreadcrumbList","@id":"https:\/\/www.aterno.be\/fr\/radiateurs\/radiateur-electrique-plinthe\/#breadcrumb","itemListElement":[{"@type":"ListItem","position":1,"name":"Home","item":"https:\/\/www.aterno.be\/fr\/"},{"@type":"ListItem","position":2,"name":"Le radiateur \u00e9lectrique plinthe"}]},{"@type":"WebSite","@id":"https:\/\/www.aterno.be\/nl\/#website","url":"https:\/\/www.aterno.be\/nl\/","name":"Aterno Belgium","description":"","publisher":{"@id":"https:\/\/www.aterno.be\/nl\/#organization"},"alternateName":"Aterno","potentialAction":[{"@type":"SearchAction","target":{"@type":"EntryPoint","urlTemplate":"https:\/\/www.aterno.be\/nl\/?s={search_term_string}"},"query-input":{"@type":"PropertyValueSpecification","valueRequired":true,"valueName":"search_term_string"}}],"inLanguage":"fr-BE"},{"@type":"Organization","@id":"https:\/\/www.aterno.be\/nl\/#organization","name":"Aterno Belgium","alternateName":"Aterno","url":"https:\/\/www.aterno.be\/nl\/","logo":{"@type":"ImageObject","inLanguage":"fr-BE","@id":"https:\/\/www.aterno.be\/nl\/#\/schema\/logo\/image\/","url":"https:\/\/www.aterno.be\/app\/uploads\/2022\/06\/logo-aterno-2.png","contentUrl":"https:\/\/www.aterno.be\/app\/uploads\/2022\/06\/logo-aterno-2.png","width":246,"height":246,"caption":"Aterno Belgium"},"image":{"@id":"https:\/\/www.aterno.be\/nl\/#\/schema\/logo\/image\/"},"sameAs":["https:\/\/www.facebook.com\/aterno.belgium\/","https:\/\/www.linkedin.com\/company\/aterno\/"]}]}},"_links":{"self":[{"href":"https:\/\/www.aterno.be\/fr\/wp-json\/wp\/v2\/radiators\/367","targetHints":{"allow":["GET"]}}],"collection":[{"href":"https:\/\/www.aterno.be\/fr\/wp-json\/wp\/v2\/radiators"}],"about":[{"href":"https:\/\/www.aterno.be\/fr\/wp-json\/wp\/v2\/types\/radiators"}],"wp:featuredmedia":[{"embeddable":true,"href":"https:\/\/www.aterno.be\/fr\/wp-json\/wp\/v2\/media\/3221"}],"wp:attachment":[{"href":"https:\/\/www.aterno.be\/fr\/wp-json\/wp\/v2\/media?parent=367"}],"curies":[{"name":"wp","href":"https:\/\/api.w.org\/{rel}","templated":true}]}}

Le radiateur électrique plinthe

<p>Le radiateur électrique plinthe s&#8217;adapte à toutes les pièces qui disposent d&#8217;un faible volume sous plafond ou d&#8217;un espace réduit en hauteur.</p>

<!-- This site is optimized with the Yoast SEO plugin v26.9 - https://yoast.com/product/yoast-seo-wordpress/ -->
<title>Le radiateur électrique plinthe | Aterno</title>
<meta name="description" content="Qu’est-ce qui caractérise le radiateur électrique plinthe Aterno et pour quels types d’usages convient-il ? Découvrez les spécificités de ce modèle." />
<meta name="robots" content="index, follow, max-snippet:-1, max-image-preview:large, max-video-preview:-1" />
<link rel="canonical" href="https://www.aterno.be/fr/radiateurs/radiateur-electrique-plinthe/" />
<meta property="og:type" content="article" />
<meta property="og:title" content="Le radiateur électrique plinthe | Aterno" />
<meta property="og:description" content="Qu’est-ce qui caractérise le radiateur électrique plinthe Aterno et pour quels types d’usages convient-il ? Découvrez les spécificités de ce modèle." />
<meta property="og:url" content="https://www.aterno.be/fr/radiateurs/radiateur-electrique-plinthe/" />
<meta property="og:site_name" content="Aterno" />
<meta property="article:publisher" content="https://www.facebook.com/aterno.belgium/" />
<meta property="article:modified_time" content="2026-01-15T09:33:39+00:00" />
<meta property="og:image" content="https://www.aterno.be/app/uploads/2022/03/radiateur-electrique-plinthe-dans-une-chambre.jpg" />
	<meta property="og:image:width" content="720" />
	<meta property="og:image:height" content="580" />
	<meta property="og:image:type" content="image/jpeg" />
<meta name="twitter:card" content="summary_large_image" />
<script type="application/ld+json" class="yoast-schema-graph">{"@context":"https://schema.org","@graph":[{"@type":"WebPage","@id":"https://www.aterno.be/fr/radiateurs/radiateur-electrique-plinthe/","url":"https://www.aterno.be/fr/radiateurs/radiateur-electrique-plinthe/","name":"Le radiateur électrique plinthe | Aterno","isPartOf":{"@id":"https://www.aterno.be/nl/#website"},"primaryImageOfPage":{"@id":"https://www.aterno.be/fr/radiateurs/radiateur-electrique-plinthe/#primaryimage"},"image":{"@id":"https://www.aterno.be/fr/radiateurs/radiateur-electrique-plinthe/#primaryimage"},"thumbnailUrl":"https://www.aterno.be/app/uploads/2022/03/radiateur-electrique-plinthe-dans-une-chambre.jpg","datePublished":"2022-03-22T17:28:17+00:00","dateModified":"2026-01-15T09:33:39+00:00","description":"Qu’est-ce qui caractérise le radiateur électrique plinthe Aterno et pour quels types d’usages convient-il ? Découvrez les spécificités de ce modèle.","breadcrumb":{"@id":"https://www.aterno.be/fr/radiateurs/radiateur-electrique-plinthe/#breadcrumb"},"inLanguage":"fr-BE","potentialAction":[{"@type":"ReadAction","target":["https://www.aterno.be/fr/radiateurs/radiateur-electrique-plinthe/"]}]},{"@type":"ImageObject","inLanguage":"fr-BE","@id":"https://www.aterno.be/fr/radiateurs/radiateur-electrique-plinthe/#primaryimage","url":"https://www.aterno.be/app/uploads/2022/03/radiateur-electrique-plinthe-dans-une-chambre.jpg","contentUrl":"https://www.aterno.be/app/uploads/2022/03/radiateur-electrique-plinthe-dans-une-chambre.jpg","width":720,"height":580,"caption":"radiateur electrique plinthe dans une chambre"},{"@type":"BreadcrumbList","@id":"https://www.aterno.be/fr/radiateurs/radiateur-electrique-plinthe/#breadcrumb","itemListElement":[{"@type":"ListItem","position":1,"name":"Home","item":"https://www.aterno.be/fr/"},{"@type":"ListItem","position":2,"name":"Le radiateur électrique plinthe"}]},{"@type":"WebSite","@id":"https://www.aterno.be/nl/#website","url":"https://www.aterno.be/nl/","name":"Aterno Belgium","description":"","publisher":{"@id":"https://www.aterno.be/nl/#organization"},"alternateName":"Aterno","potentialAction":[{"@type":"SearchAction","target":{"@type":"EntryPoint","urlTemplate":"https://www.aterno.be/nl/?s={search_term_string}"},"query-input":{"@type":"PropertyValueSpecification","valueRequired":true,"valueName":"search_term_string"}}],"inLanguage":"fr-BE"},{"@type":"Organization","@id":"https://www.aterno.be/nl/#organization","name":"Aterno Belgium","alternateName":"Aterno","url":"https://www.aterno.be/nl/","logo":{"@type":"ImageObject","inLanguage":"fr-BE","@id":"https://www.aterno.be/nl/#/schema/logo/image/","url":"https://www.aterno.be/app/uploads/2022/06/logo-aterno-2.png","contentUrl":"https://www.aterno.be/app/uploads/2022/06/logo-aterno-2.png","width":246,"height":246,"caption":"Aterno Belgium"},"image":{"@id":"https://www.aterno.be/nl/#/schema/logo/image/"},"sameAs":["https://www.facebook.com/aterno.belgium/","https://www.linkedin.com/company/aterno/"]}]}</script>
<!-- / Yoast SEO plugin. -->

Le radiateur électrique plinthe | Aterno

Qu’est-ce qui caractérise le radiateur électrique plinthe Aterno et pour quels types d’usages convient-il ? Découvrez les spécificités de ce modèle.
